Calculate the highest common factor of 132 and 84.
12
What is the greatest common divisor of 128 and 2056?
8
Calculate the highest common divisor of 707 and 7.
7
What is the greatest common factor of 98 and 126?
14
What is the greatest common divisor of 1888 and 354?
118
Calculate the highest common divisor of 440 and 80.
40
Calculate the highest common divisor of 63 and 175.
7
What is the greatest common divisor of 70 and 13580?
70
What is the greatest common divisor of 18 and 342?
18
Calculate the highest common factor of 875 and 2125.
125
What is the greatest common factor of 60 and 1212?
12
Calculate the greatest common factor of 477 and 53.
53
Calculate the greatest common factor of 17 and 14909.
17
What is the greatest common factor of 575 and 23?
23
What is the highest common divisor of 28 and 360?
4
Calculate the highest common divisor of 83 and 23987.
83
What is the highest common divisor of 235 and 893?
47
What is the highest common divisor of 473 and 176?
11
What is the highest common factor of 195 and 208?
13
Calculate the highest common divisor of 230 and 874.
46
What is the greatest common factor of 60 and 12?
12
What is the greatest common divisor of 35 and 6755?
35
Calculate the highest common factor of 28 and 4.
4
Calculate the highest common factor of 112 and 144.
16
Calculate the highest common factor of 18 and 126.
18
What is the greatest common factor of 117 and 72?
9
Calculate the highest common factor of 45 and 855.
45
What is the greatest common divisor of 7285 and 376?
47
Calculate the highest common divisor of 1656 and 72.
72
What is the greatest common factor of 42 and 406?
14
Calculate the greatest common factor of 22 and 12243.
11
What is the greatest common factor of 819 and 91?
91
Calculate the highest common factor of 1608 and 168.
24
What is the highest common divisor of 648 and 60?
12
Calculate the greatest common factor of 274 and 31099.
137
What is the greatest common divisor of 342 and 76?
38
Calculate the highest common factor of 21 and 1407.
21
What is the greatest common factor of 378 and 112?
14
Calculate the highest common divisor of 138 and 43746.
138
What is the highest common divisor of 13 and 1755?
13
What is the greatest common factor of 55 and 275?
55
What is the greatest common divisor of 43 and 473?
43
Calculate the highest common factor of 72 and 63.
9
Calculate the greatest common factor of 44786 and 7.
7
Calculate the greatest common factor of 50 and 50.
50
What is the greatest common factor of 81 and 1?
1
What is the greatest common factor of 3 and 18?
3
Calculate the greatest common divisor of 1694 and 2464.
154
What is the greatest common divisor of 174 and 8642?
58
What is the greatest common divisor of 344 and 430?
86
Calculate the greatest common factor of 2501 and 61.
61
What is the highest common divisor of 21336 and 504?
168
Calculate the highest common divisor of 16 and 152.
8
What is the highest common factor of 106 and 6?
2
Calculate the greatest common divisor of 1815 and 3751.
121
What is the greatest common divisor of 78 and 3?
3
What is the greatest common factor of 13 and 3406?
13
Calculate the greatest common factor of 530 and 50.
10
What is the greatest common factor of 3936 and 246?
246
What is the highest common divisor of 60 and 255?
15
Calculate the greatest common factor of 3036 and 198.
66
Calculate the highest common divisor of 135 and 81.
27
Calculate the greatest common divisor of 1624 and 2016.
56
Calculate the greatest common factor of 40 and 24040.
40
What is the greatest common factor of 20 and 820?
20
What is the highest common divisor of 553 and 7031?
79
What is the highest common factor of 39 and 12?
3
What is the highest common factor of 22 and 407?
11
Calculate the greatest common divisor of 299 and 69.
23
Calculate the highest common factor of 55 and 242.
11
What is the highest common divisor of 56 and 84?
28
Calculate the highest common factor of 56 and 88.
8
What is the greatest common factor of 37644 and 12?
12
Calculate the highest common divisor of 19 and 45.
1
What is the highest common divisor of 255 and 323?
17
Calculate the greatest common factor of 9 and 927.
9
What is the highest common divisor of 10126 and 1494?
166
Calculate the greatest common factor of 12 and 516.
12
What is the greatest common factor of 612 and 300?
12
Calculate the greatest common factor of 52 and 14.
2
What is the highest common factor of 26 and 9009?
13
Calculate the greatest common factor of 46 and 322.
46
Calculate the highest common divisor of 1144 and 5096.
104
What is the greatest common factor of 126 and 7434?
126
What is the highest common divisor of 264 and 96?
24
What is the highest common factor of 2624 and 112?
16
What is the highest common divisor of 238 and 77?
7
What is the highest common divisor of 248 and 341?
31
Calculate the highest common divisor of 36 and 1572.
12
What is the highest common divisor of 1750 and 150?
50
What is the greatest common factor of 176 and 68?
4
Calculate the highest common factor of 195 and 1235.
65
What is the greatest common divisor of 75650 and 50?
50
Calculate the greatest common factor of 1456 and 560.
112
Calculate the highest common divisor of 45 and 135.
45
Calculate the greatest common factor of 44 and 539.
11
What is the greatest common factor of 372 and 465?
93
Calculate the highest common factor of 153 and 289.
17
What is the highest common factor of 2418 and 156?
78
Calculate the greatest common factor of 670 and 280.
10
What is the highest common factor of 28 and 959?
7
Calculate the greatest common factor of 165 and 66.
33
Calculate the highest common factor of 14 and 5306.
14
Calculate the greatest common factor of 9 and 801.
9
What is the greatest common factor of 18 and 321?
3
What is the greatest common factor of 65 and 52?
13
Calculate the greatest common factor of 4268 and 176.
44
Calculate the greatest common divisor of 3773 and 231.
77
Calculate the greatest common divisor of 51 and 69.
3
Calculate the highest common divisor of 368 and 598.
46
Calculate the greatest common divisor of 26 and 416.
26
Calculate the greatest common divisor of 16 and 2192.
16
Calculate the highest common divisor of 1442 and 14.
14
What is the highest common divisor of 48 and 600?
24
What is the highest common factor of 6905 and 5?
5
What is the highest common divisor of 68 and 2431?
17
What is the greatest common divisor of 111184 and 16?
16
Calculate the highest common divisor of 51 and 6.
3
What is the greatest common factor of 48 and 120?
24
What is the highest common divisor of 18 and 2250?
18
Calculate the highest common divisor of 8201 and 59.
59
What is the greatest common factor of 7 and 7819?
7
What is the greatest common divisor of 48 and 80?
16
Calculate the greatest common factor of 1413 and 157.
157
What is the greatest common factor of 1748 and 1472?
92
What is the greatest common divisor of 1290 and 12?
6
What is the greatest common divisor of 9 and 432?
9
What is the highest common factor of 70 and 71855?
35
What is the highest common factor of 3204 and 72?
36
Calculate the greatest common divisor of 63 and 28.
7
Calculate the greatest common divisor of 161 and 119.
7
What is the highest common factor of 646 and 38?
38
Calculate the greatest common factor of 102 and 51.
51
What is the highest common factor of 1952 and 24?
8
Calculate the greatest common factor of 26 and 3120.
26
What is the greatest common divisor of 800 and 32?
32
Calculate the greatest common divisor of 196 and 1225.
49
Calculate the greatest common divisor of 81114 and 132.
66
Calculate the greatest common divisor of 1836 and 108.
108
What is the highest common factor of 384 and 1024?
128
What is the highest common factor of 4175 and 25?
25
Calculate the greatest common divisor of 5362 and 42.
14
Calculate the highest common divisor of 1370 and 10.
10
Calculate the greatest common factor of 27818 and 28.
14
What is the highest common divisor of 605 and 5005?
55
Calculate the highest common divisor of 136 and 8058.
34
What is the greatest common divisor of 207 and 345?
69
What is the greatest common divisor of 870 and 30?
30
Calculate the highest common factor of 475 and 200.
25
What is the highest common divisor of 3 and 315?
3
What 